{"id":4560,"date":"2016-04-11T08:36:54","date_gmt":"2016-04-11T08:36:54","guid":{"rendered":"https:\/\/autoescuelabalmaseda.com\/es\/?page_id=4560"},"modified":"2024-06-15T19:37:04","modified_gmt":"2024-06-15T17:37:04","slug":"marques-de-corbera-59","status":"publish","type":"page","link":"https:\/\/autoescuelabalmaseda.com\/es\/marques-de-corbera-59\/","title":{"rendered":"AUTOESCUELA MARQU\u00c9S DE CORBERA 59"},"content":{"rendered":"\t\t<div data-elementor-type=\"wp-page\" data-elementor-id=\"4560\" class=\"elementor elementor-4560\">\n\t\t\t\t<div class=\"elementor-element elementor-element-45909e7 e-flex e-con-boxed e-con e-parent\" data-id=\"45909e7\" data-element_type=\"container\">\n\t\t\t\t\t<div class=\"e-con-inner\">\n\t\t\t\t<div class=\"elementor-element elementor-element-dc6e6b0 elementor-widget elementor-widget-google_maps\" data-id=\"dc6e6b0\" data-element_type=\"widget\" data-widget_type=\"google_maps.default\">\n\t\t\t\t<div class=\"elementor-widget-container\">\n\t\t\t\t\t\t\t<div class=\"elementor-custom-embed\">\n\t\t\t<iframe loading=\"lazy\"\n\t\t\t\t\tsrc=\"https:\/\/maps.google.com\/maps?q=Autoescuela%20Balmaseda%20MARQU%C3%89S%20DE%20CORBERA%2059%20madrid&#038;t=m&#038;z=17&#038;output=embed&#038;iwloc=near\"\n\t\t\t\t\ttitle=\"Autoescuela Balmaseda MARQU\u00c9S DE CORBERA 59 madrid\"\n\t\t\t\t\taria-label=\"Autoescuela Balmaseda MARQU\u00c9S DE CORBERA 59 madrid\"\n\t\t\t><\/iframe>\n\t\t<\/div>\n\t\t\t\t\t\t<\/div>\n\t\t\t\t<\/div>\n\t\t\t\t<div class=\"elementor-element elementor-element-bc2e324 elementor-widget elementor-widget-text-editor\" data-id=\"bc2e324\" data-element_type=\"widget\" data-widget_type=\"text-editor.default\">\n\t\t\t\t<div class=\"elementor-widget-container\">\n\t\t\t\t\t\t\t\t\t<p>Es la primera autoescuela que abri\u00f3 Balmaseda en pleno coraz\u00f3n del barrio de la ELIPA y en frente de la estaci\u00f3n de metro. Fue inaugurada en 1969 (hace 50 a\u00f1os), impartiendo clases pr\u00e1cticas con seat 600 de la \u00e9poca.<br \/>Hoy en d\u00eda, la secretaria Natalia que fue alumna de este centro y los dos profesores con much\u00edsima experiencia; Carmelo y Ra\u00fal forman un gran equipo con un inmejorable ambiente de trabajo.<br \/>Se imparten clases te\u00f3ricas todos los d\u00edas con cursos intensivos que hacen que haya aumentado el porcentaje de aprobados, lo que nos diferenciemos del resto.<\/p>\t\t\t\t\t\t\t\t<\/div>\n\t\t\t\t<\/div>\n\t\t<div class=\"elementor-element elementor-element-31f1cea e-grid e-con-boxed e-con e-child\" data-id=\"31f1cea\" data-element_type=\"container\">\n\t\t\t\t\t<div class=\"e-con-inner\">\n\t\t\t\t<div class=\"elementor-element elementor-element-066bed1 elementor-widget elementor-widget-text-editor\" data-id=\"066bed1\" data-element_type=\"widget\" data-widget_type=\"text-editor.default\">\n\t\t\t\t<div class=\"elementor-widget-container\">\n\t\t\t\t\t\t\t\t\t<h5>MARQU\u00c9S DE CORBERA 59<\/h5><hr \/><h5><strong>Direcci\u00f3n:<\/strong> Avenida Marqu\u00e9s de Corbera, 59. 28017 Madrid<br \/><strong>Tel\u00e9fono:<\/strong> 91 326 24 27<\/h5><p><img decoding=\"async\" class=\"imagenResp marcoColunmImage\" src=\"\/wp-content\/uploads\/2016\/04\/marques-de-corbera-59.jpg\" alt=\"FotoOfiCentral\" \/><\/p>\t\t\t\t\t\t\t\t<\/div>\n\t\t\t\t<\/div>\n\t\t\t\t<div class=\"elementor-element elementor-element-b32c6b0 elementor-widget elementor-widget-text-editor\" data-id=\"b32c6b0\" data-element_type=\"widget\" data-widget_type=\"text-editor.default\">\n\t\t\t\t<div class=\"elementor-widget-container\">\n\t\t\t\t\t\t\t\t\t<p>\n<div class=\"wpcf7 no-js\" id=\"wpcf7-f4230-o1\" lang=\"es-ES\" dir=\"ltr\" data-wpcf7-id=\"4230\">\n<div class=\"screen-reader-response\"><p role=\"status\" aria-live=\"polite\" aria-atomic=\"true\"><\/p> <ul><\/ul><\/div>\n<form action=\"\/es\/wp-json\/wp\/v2\/pages\/4560#wpcf7-f4230-o1\" method=\"post\" class=\"wpcf7-form init\" aria-label=\"Formulario de contacto\" novalidate=\"novalidate\" data-status=\"init\">\n<fieldset class=\"hidden-fields-container\"><input type=\"hidden\" name=\"_wpcf7\" value=\"4230\" \/><input type=\"hidden\" name=\"_wpcf7_version\" value=\"6.1.5\" \/><input type=\"hidden\" name=\"_wpcf7_locale\" value=\"es_ES\" \/><input type=\"hidden\" name=\"_wpcf7_unit_tag\" value=\"wpcf7-f4230-o1\" \/><input type=\"hidden\" name=\"_wpcf7_container_post\" value=\"0\" \/><input type=\"hidden\" name=\"_wpcf7_posted_data_hash\" value=\"\" \/><input type=\"hidden\" name=\"_wpcf7_recaptcha_response\" value=\"\" \/>\n<\/fieldset>\n<div  class=\"infoCentrosSelector\"><div  style=\"float:left; width:100%; margin-right:10px;\"><br \/><strong>\u00bfComo quieres que contactemos contigo?<\/strong>\n    <span class=\"wpcf7-form-control-wrap\" data-name=\"radio-739\"><span class=\"wpcf7-form-control wpcf7-radio\"><span class=\"wpcf7-list-item first\"><label><input type=\"radio\" name=\"radio-739\" value=\"Whatsapp(Recomendado)\" checked=\"checked\" \/><span class=\"wpcf7-list-item-label\">Whatsapp(Recomendado)<\/span><\/label><\/span><span class=\"wpcf7-list-item\"><label><input type=\"radio\" name=\"radio-739\" value=\"Tel\u00e9fono\" \/><span class=\"wpcf7-list-item-label\">Tel\u00e9fono<\/span><\/label><\/span><span class=\"wpcf7-list-item last\"><label><input type=\"radio\" name=\"radio-739\" value=\"Correo Electr\u00f3nico\" \/><span class=\"wpcf7-list-item-label\">Correo Electr\u00f3nico<\/span><\/label><\/span><\/span><\/span><br \/> <\/div><\/div>\n<p>O escr\u00edbenos a nuestro email <a href=\"mailto:alumnos@autoescuelabalmaseda.com\" target=\"_blank\">alumnos@autoescuelabalmaseda.com<\/a><\/p>\n<div  class=\"infoCentros\"><div style=\"float:left; width:250px; margin-right:10px;\"><strong>Tu nombre<span style=\"color:#FF0000;\">*<\/span><br \/>\n    <span class=\"wpcf7-form-control-wrap\" data-name=\"your-name\"><input size=\"40\" maxlength=\"400\" class=\"wpcf7-form-control wpcf7-text wpcf7-validates-as-required\" aria-required=\"true\" aria-invalid=\"false\" value=\"\" type=\"text\" name=\"your-name\" \/><\/span> <\/strong><\/div>\n\n<div style=\"float:left; width:250px; \"><strong>Tu email<span style=\"color:#FF0000;style=\"width:100%\"\">*<\/span><br \/>\n    <span class=\"wpcf7-form-control-wrap\" data-name=\"your-email\"><input size=\"40\" maxlength=\"400\" class=\"wpcf7-form-control wpcf7-email wpcf7-validates-as-required wpcf7-text wpcf7-validates-as-email\" aria-required=\"true\" aria-invalid=\"false\" value=\"\" type=\"email\" name=\"your-email\" \/><\/span> <\/strong><\/div>\n\n<div style=\"clear:both;\"><\/div>\n\n<div style=\"float:left; width:250px; margin-right:10px;\"><strong>Tu tel\u00e9fono<span style=\"color:#FF0000;style=\"width:100%\"\"><\/span><br \/>\n    <span class=\"wpcf7-form-control-wrap\" data-name=\"your-phone\"><input size=\"40\" maxlength=\"400\" class=\"wpcf7-form-control wpcf7-text\" aria-invalid=\"false\" value=\"\" type=\"text\" name=\"your-phone\" \/><\/span> <\/strong><\/div>\n\n<div style=\"float:left; width:250px; \"><strong>Asunto<span style=\"color:#FF0000;style=\"width:100%\"\"><\/span><br \/>\n    <span class=\"wpcf7-form-control-wrap\" data-name=\"your-subject\"><input size=\"40\" maxlength=\"400\" class=\"wpcf7-form-control wpcf7-text\" aria-invalid=\"false\" value=\"\" type=\"text\" name=\"your-subject\" \/><\/span> <\/strong><\/div>\n\n<div style=\"clear:both;\"><\/div>\n\n<strong>Tus dudas<br \/>\n    <span class=\"wpcf7-form-control-wrap\" data-name=\"your-message\"><textarea cols=\"40\" rows=\"10\" maxlength=\"2000\" class=\"wpcf7-form-control wpcf7-textarea\" aria-invalid=\"false\" name=\"your-message\"><\/textarea><\/span> <\/strong>\n\n<p><span class=\"wpcf7-form-control-wrap\" data-name=\"acceptance-576\"><span class=\"wpcf7-form-control wpcf7-acceptance\"><span class=\"wpcf7-list-item\"><input type=\"checkbox\" name=\"acceptance-576\" value=\"1\" aria-invalid=\"false\" \/><\/span><\/span><\/span> He le\u00eddo y acepto <a style=\"color:#d12a43;\" href=\"https:\/\/autoescuelabalmaseda.com\/es\/privacidad\/\" target=\"blank\"\/>Pol\u00edtica de privacidad<\/a>\n<\/p>\n\n<p><button type=\"submit\" class=\"drivschol-btn drivschol-btn--base\"><span>ENVIAR<\/span><\/button><\/p>\n<\/div>\n<style>\n.infoCentrosSelector .wpcf7-list-item {\n    display: block;\n    margin: 0 0 0 1em;\n}\n<\/style><div class=\"wpcf7-response-output\" aria-hidden=\"true\"><\/div>\n<\/form>\n<\/div>\n<\/p>\t\t\t\t\t\t\t\t<\/div>\n\t\t\t\t<\/div>\n\t\t\t\t\t<\/div>\n\t\t\t\t<\/div>\n\t\t\t\t\t<\/div>\n\t\t\t\t<\/div>\n\t\t\t\t<\/div>\n\t\t","protected":false},"excerpt":{"rendered":"<p>Es la primera autoescuela que abri\u00f3 Balmaseda en pleno coraz\u00f3n del barrio de la ELIPA y en frente de la estaci\u00f3n de metro. Fue inaugurada en 1969 (hace 50 a\u00f1os), impartiendo clases pr\u00e1cticas con seat 600 de la \u00e9poca.Hoy en d\u00eda, la secretaria Natalia que fue alumna de este centro y los dos profesores con [&hellip;]<\/p>\n","protected":false},"author":1,"featured_media":0,"parent":0,"menu_order":0,"comment_status":"closed","ping_status":"closed","template":"","meta":{"_acf_changed":false,"footnotes":""},"class_list":["post-4560","page","type-page","status-publish","hentry"],"acf":[],"_links":{"self":[{"href":"https:\/\/autoescuelabalmaseda.com\/es\/wp-json\/wp\/v2\/pages\/4560","targetHints":{"allow":["GET"]}}],"collection":[{"href":"https:\/\/autoescuelabalmaseda.com\/es\/wp-json\/wp\/v2\/pages"}],"about":[{"href":"https:\/\/autoescuelabalmaseda.com\/es\/wp-json\/wp\/v2\/types\/page"}],"author":[{"embeddable":true,"href":"https:\/\/autoescuelabalmaseda.com\/es\/wp-json\/wp\/v2\/users\/1"}],"replies":[{"embeddable":true,"href":"https:\/\/autoescuelabalmaseda.com\/es\/wp-json\/wp\/v2\/comments?post=4560"}],"version-history":[{"count":9,"href":"https:\/\/autoescuelabalmaseda.com\/es\/wp-json\/wp\/v2\/pages\/4560\/revisions"}],"predecessor-version":[{"id":9485,"href":"https:\/\/autoescuelabalmaseda.com\/es\/wp-json\/wp\/v2\/pages\/4560\/revisions\/9485"}],"wp:attachment":[{"href":"https:\/\/autoescuelabalmaseda.com\/es\/wp-json\/wp\/v2\/media?parent=4560"}],"curies":[{"name":"wp","href":"https:\/\/api.w.org\/{rel}","templated":true}]}}

AUTOESCUELA MARQUÉS DE CORBERA 59

<div data-elementor-type="wp-page" data-elementor-id="4560" class="elementor elementor-4560">
				<div class="elementor-element elementor-element-45909e7 e-flex e-con-boxed e-con e-parent" data-id="45909e7" data-element_type="container">
					<div class="e-con-inner">
				<div class="elementor-element elementor-element-dc6e6b0 elementor-widget elementor-widget-google_maps" data-id="dc6e6b0" data-element_type="widget" data-widget_type="google_maps.default">
				<div class="elementor-widget-container">
							<div class="elementor-custom-embed">
			<iframe loading="lazy"
					src="https://maps.google.com/maps?q=Autoescuela%20Balmaseda%20MARQU%C3%89S%20DE%20CORBERA%2059%20madrid&#038;t=m&#038;z=17&#038;output=embed&#038;iwloc=near"
					title="Autoescuela Balmaseda MARQUÉS DE CORBERA 59 madrid"
					aria-label="Autoescuela Balmaseda MARQUÉS DE CORBERA 59 madrid"
			></iframe>
		</div>
						</div>
				</div>
				<div class="elementor-element elementor-element-bc2e324 elementor-widget elementor-widget-text-editor" data-id="bc2e324" data-element_type="widget" data-widget_type="text-editor.default">
				<div class="elementor-widget-container">
									<p>Es la primera autoescuela que abrió Balmaseda en pleno corazón del barrio de la ELIPA y en frente de la estación de metro. Fue inaugurada en 1969 (hace 50 años), impartiendo clases prácticas con seat 600 de la época.<br />Hoy en día, la secretaria Natalia que fue alumna de este centro y los dos profesores con muchísima experiencia; Carmelo y Raúl forman un gran equipo con un inmejorable ambiente de trabajo.<br />Se imparten clases teóricas todos los días con cursos intensivos que hacen que haya aumentado el porcentaje de aprobados, lo que nos diferenciemos del resto.</p>								</div>
				</div>
		<div class="elementor-element elementor-element-31f1cea e-grid e-con-boxed e-con e-child" data-id="31f1cea" data-element_type="container">
					<div class="e-con-inner">
				<div class="elementor-element elementor-element-066bed1 elementor-widget elementor-widget-text-editor" data-id="066bed1" data-element_type="widget" data-widget_type="text-editor.default">
				<div class="elementor-widget-container">
									<h5>MARQUÉS DE CORBERA 59</h5><hr /><h5><strong>Dirección:</strong> Avenida Marqués de Corbera, 59. 28017 Madrid<br /><strong>Teléfono:</strong> 91 326 24 27</h5><p><img decoding="async" class="imagenResp marcoColunmImage" src="/wp-content/uploads/2016/04/marques-de-corbera-59.jpg" alt="FotoOfiCentral" /></p>								</div>
				</div>
				<div class="elementor-element elementor-element-b32c6b0 elementor-widget elementor-widget-text-editor" data-id="b32c6b0" data-element_type="widget" data-widget_type="text-editor.default">
				<div class="elementor-widget-container">
									<p>
<div class="wpcf7 no-js" id="wpcf7-f4230-o1" lang="es-ES" dir="ltr" data-wpcf7-id="4230">
<div class="screen-reader-response"><p role="status" aria-live="polite" aria-atomic="true"></p> <ul></ul></div>
<form action="/es/wp-json/wp/v2/pages/4560#wpcf7-f4230-o1" method="post" class="wpcf7-form init" aria-label="Formulario de contacto" novalidate="novalidate" data-status="init">
<fieldset class="hidden-fields-container"><input type="hidden" name="_wpcf7" value="4230" /><input type="hidden" name="_wpcf7_version" value="6.1.5" /><input type="hidden" name="_wpcf7_locale" value="es_ES" /><input type="hidden" name="_wpcf7_unit_tag" value="wpcf7-f4230-o1" /><input type="hidden" name="_wpcf7_container_post" value="0" /><input type="hidden" name="_wpcf7_posted_data_hash" value="" /><input type="hidden" name="_wpcf7_recaptcha_response" value="" />
</fieldset>
<div  class="infoCentrosSelector"><div  style="float:left; width:100%; margin-right:10px;"><br /><strong>¿Como quieres que contactemos contigo?</strong>
    <span class="wpcf7-form-control-wrap" data-name="radio-739"><span class="wpcf7-form-control wpcf7-radio"><span class="wpcf7-list-item first"><label><input type="radio" name="radio-739" value="Whatsapp(Recomendado)" checked="checked" /><span class="wpcf7-list-item-label">Whatsapp(Recomendado)</span></label></span><span class="wpcf7-list-item"><label><input type="radio" name="radio-739" value="Teléfono" /><span class="wpcf7-list-item-label">Teléfono</span></label></span><span class="wpcf7-list-item last"><label><input type="radio" name="radio-739" value="Correo Electrónico" /><span class="wpcf7-list-item-label">Correo Electrónico</span></label></span></span></span><br /> </div></div>
<p>O escríbenos a nuestro email <a href="mailto:alumnos@autoescuelabalmaseda.com" target="_blank">alumnos@autoescuelabalmaseda.com</a></p>
<div  class="infoCentros"><div style="float:left; width:250px; margin-right:10px;"><strong>Tu nombre<span style="color:#FF0000;">*</span><br />
    <span class="wpcf7-form-control-wrap" data-name="your-name"><input size="40" maxlength="400" class="wpcf7-form-control wpcf7-text wpcf7-validates-as-required" aria-required="true" aria-invalid="false" value="" type="text" name="your-name" /></span> </strong></div>

<div style="float:left; width:250px; "><strong>Tu email<span style="color:#FF0000;style="width:100%"">*</span><br />
    <span class="wpcf7-form-control-wrap" data-name="your-email"><input size="40" maxlength="400" class="wpcf7-form-control wpcf7-email wpcf7-validates-as-required wpcf7-text wpcf7-validates-as-email" aria-required="true" aria-invalid="false" value="" type="email" name="your-email" /></span> </strong></div>

<div style="clear:both;"></div>

<div style="float:left; width:250px; margin-right:10px;"><strong>Tu teléfono<span style="color:#FF0000;style="width:100%""></span><br />
    <span class="wpcf7-form-control-wrap" data-name="your-phone"><input size="40" maxlength="400" class="wpcf7-form-control wpcf7-text" aria-invalid="false" value="" type="text" name="your-phone" /></span> </strong></div>

<div style="float:left; width:250px; "><strong>Asunto<span style="color:#FF0000;style="width:100%""></span><br />
    <span class="wpcf7-form-control-wrap" data-name="your-subject"><input size="40" maxlength="400" class="wpcf7-form-control wpcf7-text" aria-invalid="false" value="" type="text" name="your-subject" /></span> </strong></div>

<div style="clear:both;"></div>

<strong>Tus dudas<br />
    <span class="wpcf7-form-control-wrap" data-name="your-message"><textarea cols="40" rows="10" maxlength="2000" class="wpcf7-form-control wpcf7-textarea" aria-invalid="false" name="your-message"></textarea></span> </strong>

<p><span class="wpcf7-form-control-wrap" data-name="acceptance-576"><span class="wpcf7-form-control wpcf7-acceptance"><span class="wpcf7-list-item"><input type="checkbox" name="acceptance-576" value="1" aria-invalid="false" /></span></span></span> He leído y acepto <a style="color:#d12a43;" href="https://autoescuelabalmaseda.com/es/privacidad/" target="blank"/>Política de privacidad</a>
</p>

<p><button type="submit" class="drivschol-btn drivschol-btn--base"><span>ENVIAR</span></button></p>
</div>
<style>
.infoCentrosSelector .wpcf7-list-item {
    display: block;
    margin: 0 0 0 1em;
}
</style><div class="wpcf7-response-output" aria-hidden="true"></div>
</form>
</div>
</p>								</div>
				</div>
					</div>
				</div>
					</div>
				</div>
				</div>

<p>Es la primera autoescuela que abrió Balmaseda en pleno corazón del barrio de la ELIPA y en frente de la estación de metro. Fue inaugurada en 1969 (hace 50 años), impartiendo clases prácticas con seat 600 de la época.Hoy en día, la secretaria Natalia que fue alumna de este centro y los dos profesores con [&hellip;]</p>
